{"id":382,"date":"2024-03-29T11:36:15","date_gmt":"2024-03-29T11:36:15","guid":{"rendered":"https:\/\/krangruasymontajes.com.ar\/?page_id=382"},"modified":"2024-04-10T22:07:17","modified_gmt":"2024-04-10T22:07:17","slug":"servicios-de-hidro-grua","status":"publish","type":"page","link":"https:\/\/krangruasymontajes.com.ar\/index.php\/servicios-de-hidro-grua\/","title":{"rendered":"Servicios de Hidro-Gr\u00faa"},"content":{"rendered":"<div class=\"wpb-content-wrapper\"><p>[vc_row max_width=&#8221;1700&#8243;][vc_column][vc_empty_space height=&#8221;45px&#8221;][\/vc_column][\/vc_row][vc_row max_width=&#8221;1600&#8243;][vc_column width=&#8221;1\/2&#8243;][vc_empty_space height=&#8221;45px&#8221;][vc_empty_space height=&#8221;45px&#8221;][vc_column_text]<\/p>\n<div class=\"wpb_text_column wpb_content_element \">\n<div class=\"wpb_wrapper\">\n<h1 style=\"text-align: left;\" data-sourcepos=\"9:1-9:202\">Servicios de Hidro-Gr\u00faa<\/h1>\n<\/div>\n<\/div>\n<p>[\/vc_column_text][vc_empty_space height=&#8221;15px&#8221;][vc_column_text]<\/p>\n<div class=\"wpb_text_column wpb_content_element \" style=\"text-align: center;\">\n<div class=\"wpb_wrapper\">\n<p style=\"text-align: left;\" data-sourcepos=\"9:1-9:202\"><span style=\"font-size: 16px;\">Kran Servi ofrece un servicio integral que abarca desde la carga y descarga hasta el transporte y elevaci\u00f3n de su mercanc\u00eda.<\/span><\/p>\n<\/div>\n<\/div>\n<p>[\/vc_column_text][vc_empty_space height=&#8221;45px&#8221;][vc_empty_space height=&#8221;45px&#8221;][\/vc_column][vc_column width=&#8221;1\/2&#8243;][vc_column_text]<img loading=\"lazy\" decoding=\"async\" class=\"aligncenter size-full wp-image-424\" src=\"https:\/\/krangruasymontajes.com.ar\/wp-content\/uploads\/2024\/03\/montajes-servicios-de-gruas-kran.jpg\" alt=\"\" width=\"1443\" height=\"709\" srcset=\"https:\/\/krangruasymontajes.com.ar\/wp-content\/uploads\/2024\/03\/montajes-servicios-de-gruas-kran.jpg 1443w, https:\/\/krangruasymontajes.com.ar\/wp-content\/uploads\/2024\/03\/montajes-servicios-de-gruas-kran-300x147.jpg 300w, https:\/\/krangruasymontajes.com.ar\/wp-content\/uploads\/2024\/03\/montajes-servicios-de-gruas-kran-1024x503.jpg 1024w, https:\/\/krangruasymontajes.com.ar\/wp-content\/uploads\/2024\/03\/montajes-servicios-de-gruas-kran-768x377.jpg 768w\" sizes=\"auto, (max-width: 1443px) 100vw, 1443px\" \/>[\/vc_column_text][\/vc_column][\/vc_row][vc_row max_width=&#8221;1600&#8243;][vc_column width=&#8221;1\/2&#8243;][vc_empty_space height=&#8221;45px&#8221;][vc_column_text]<strong>KRAN Servi S.A.<\/strong> realiza fletes con carretones propios, servicios de hidro-gr\u00faa y gr\u00faas de gran porte para otorgar un servicio completo.[\/vc_column_text][vc_empty_space height=&#8221;45px&#8221;][vc_column_text]<img loading=\"lazy\" decoding=\"async\" class=\"aligncenter size-full wp-image-519\" src=\"https:\/\/krangruasymontajes.com.ar\/wp-content\/uploads\/2024\/04\/LOCATION.jpg\" alt=\"\" width=\"599\" height=\"400\" srcset=\"https:\/\/krangruasymontajes.com.ar\/wp-content\/uploads\/2024\/04\/LOCATION.jpg 599w, https:\/\/krangruasymontajes.com.ar\/wp-content\/uploads\/2024\/04\/LOCATION-300x200.jpg 300w\" sizes=\"auto, (max-width: 599px) 100vw, 599px\" \/>[\/vc_column_text][\/vc_column][vc_column width=&#8221;1\/2&#8243;][vc_empty_space height=&#8221;45px&#8221;][vc_column_text]Carga y descarga, estructuras de diferentes tama\u00f1os y pesos.<br \/>\nTransportar o elevar cargas de diferentes tama\u00f1os y pesos.<br \/>\nCarga y descarga de mercanc\u00edas de gran dimensi\u00f3n. (tales como ca\u00f1os, pasarelas, redlers, secadoras, motores, equipos de refrigeraci\u00f3n, generadores, entre otros elementos industriales de gran dimensi\u00f3n y peso).[\/vc_column_text][vc_empty_space height=&#8221;45px&#8221;][vc_column_text]<strong>Experiencia:<\/strong>\u00a0Un equipo altamente calificado y con amplia experiencia en el manejo de cargas de todo tipo.<br \/>\n<strong>Tecnolog\u00eda:<\/strong> Equipos modernos y de \u00faltima generaci\u00f3n que garantizan la seguridad y eficiencia de sus operaciones.<br \/>\n<strong>Flexibilidad:<\/strong> Nos adaptamos a sus necesidades espec\u00edficas, ofreciendo soluciones personalizadas para cada proyecto.[\/vc_column_text][vc_empty_space height=&#8221;45px&#8221;][\/vc_column][\/vc_row][vc_row][vc_column][vc_empty_space height=&#8221;45px&#8221;][vc_empty_space height=&#8221;45px&#8221;][vc_empty_space height=&#8221;45px&#8221;][vc_empty_space height=&#8221;45px&#8221;][\/vc_column][\/vc_row]<\/p>\n<\/div>","protected":false},"excerpt":{"rendered":"<p>[vc_row max_width=&#8221;1700&#8243;][vc_column][vc_empty_space height=&#8221;45px&#8221;][\/vc_column][\/vc_row][vc_row max_width=&#8221;1600&#8243;][vc_column width=&#8221;1\/2&#8243;][vc_empty_space height=&#8221;45px&#8221;][vc_empty_space height=&#8221;45px&#8221;][vc_column_text] Servicios de Hidro-Gr\u00faa [\/vc_column_text][vc_empty_space height=&#8221;15px&#8221;][vc_column_text] Kran Servi ofrece un servicio integral que abarca desde la carga y descarga hasta el transporte y elevaci\u00f3n de su mercanc\u00eda. [\/vc_column_text][vc_empty_space height=&#8221;45px&#8221;][vc_empty_space height=&#8221;45px&#8221;][\/vc_column][vc_column width=&#8221;1\/2&#8243;][vc_column_text][\/vc_column_text][\/vc_column][\/vc_row][vc_row max_width=&#8221;1600&#8243;][vc_column width=&#8221;1\/2&#8243;][vc_empty_space height=&#8221;45px&#8221;][vc_column_text]KRAN Servi S.A. realiza fletes con carretones propios, servicios de hidro-gr\u00faa y gr\u00faas de gran porte &hellip;<\/p>\n","protected":false},"author":2,"featured_media":0,"parent":0,"menu_order":0,"comment_status":"closed","ping_status":"closed","template":"templates\/page-full.php","meta":{"footnotes":""},"class_list":["post-382","page","type-page","status-publish","hentry"],"_links":{"self":[{"href":"https:\/\/krangruasymontajes.com.ar\/index.php\/wp-json\/wp\/v2\/pages\/382","targetHints":{"allow":["GET"]}}],"collection":[{"href":"https:\/\/krangruasymontajes.com.ar\/index.php\/wp-json\/wp\/v2\/pages"}],"about":[{"href":"https:\/\/krangruasymontajes.com.ar\/index.php\/wp-json\/wp\/v2\/types\/page"}],"author":[{"embeddable":true,"href":"https:\/\/krangruasymontajes.com.ar\/index.php\/wp-json\/wp\/v2\/users\/2"}],"replies":[{"embeddable":true,"href":"https:\/\/krangruasymontajes.com.ar\/index.php\/wp-json\/wp\/v2\/comments?post=382"}],"version-history":[{"count":7,"href":"https:\/\/krangruasymontajes.com.ar\/index.php\/wp-json\/wp\/v2\/pages\/382\/revisions"}],"predecessor-version":[{"id":523,"href":"https:\/\/krangruasymontajes.com.ar\/index.php\/wp-json\/wp\/v2\/pages\/382\/revisions\/523"}],"wp:attachment":[{"href":"https:\/\/krangruasymontajes.com.ar\/index.php\/wp-json\/wp\/v2\/media?parent=382"}],"curies":[{"name":"wp","href":"https:\/\/api.w.org\/{rel}","templated":true}]}}